 the thousands digit of ((-186)/8)/((-8)/68 - 6045/(-51816))?
3
Let c(o) = -o**2 + 14*o + 14. Let d be c(-1). What is the units digit of d - (-56)/21*3?
7
Let m = 215156 - 151011. What is the ten thousands digit of m?
6
Let k be -3 - (2 - 0/(-5)). Let p be 1 - -5*k/25. What is the units digit of (-5 + -2 - -2)*(p - 1)?
5
Let n(k) = 67*k**2 + 56*k - 11. Let c be n(5). Suppose 4*w = 5*d + 22, -2*w + 5*d + 10 = 2*d. What is the units digit of ((-2)/(-6))/(w/c)?
1
Let z = -742 + 2397. Suppose 22*s = 281 + z. What is the tens digit of s?
8
Suppose 0 = 27*d + 1478562 - 456828. What is the tens digit of (8/7)/((-51)/d)?
4
Let j = 245 - 228. What is the units digit of -3 + j*(25 + -7)?
3
Let v = -108 - -112. Suppose -o - v*x + 742 = 0, 4*o - 2*x + x = 2917. What is the hundreds digit of o?
7
Let m be (-16)/8 + 70*8. Let a = 811 - m. What is the hundreds digit of a?
2
Suppose 0*n - 422 = -2*n - k, -3*k = 3*n - 636. Suppose -1566 = 208*h - n*h. What is the units digit of h?
3
Let w(t) = 34*t - 2. Let z be w(11). Let y = 716 - z. Suppose 2 - 7 = -5*u, -5*u = 3*f - y. What is the units digit of f?
3
Let p be (-2)/5 - (-170)/50. Suppose 3*l = -5*a + 63, p*l = -a + 17 - 2. Suppose -a*d + 17*d = 210. What is the units digit of d?
2
Let z(o) = 1201*o + 12437. What is the thousands digit of z(37)?
6
Let r be (6/(-6))/(1/(-309)). What is the hundreds digit of r + (6 + -7 - -3)?
3
Let n = 89213 + -9441. What is the units digit of n?
2
Let u(t) = -12*t - 8. Suppose -5*r + 3*r = -12. Suppose 16 = -r*n - 8. What is the tens digit of u(n)?
4
Suppose 20*v + 31864 = 107739 + 46745. What is the thousands digit of v?
6
Suppose -2*y + 22520 = j, -357*j + 362*j - 112614 = -3*y. What is the thousands digit of j?
2
Let j(u) = -18*u - 228. Let x be j(-10). Suppose -4*o + 5*a = -216, 98 + 61 = 3*o - 3*a. Let k = o - x. What is the units digit of k?
7
Suppose -55*o + 53*o = -14124. What is the units digit of o?
2
Let q(v) = -17*v**2 - 4*v + 6. Let b(m) = -2*m**2. Let i(p) = 2*b(p) - q(p). What is the hundreds digit of i(-4)?
1
Suppose 48*j + 16471 + 58889 = 0. Let s = 2762 + j. What is the tens digit of s?
9
What is the thousands digit of (61224/(-15) + 6)/(66/(-30) + 2)?
0
Suppose -10 = 3*z + z - 2*o, 3*z + 3*o = -3. Let t be 12/3 + (2 - z). Suppose -4*p - t = -8*p. What is the units digit of p?
2
Suppose -2*g + 2132 = 4*y, -10 = -5*y + 15. Let w = g - 670. What is the tens digit of w?
8
Let o(b) = b + 8. Let w be o(-5). Let g be (-6)/((w + -2)*-2). Let k(t) = 9*t**2 + 4*t - 2. What is the units digit of k(g)?
1
Suppose -77*r + 74*r = 24. Let x(q) = 10*q**2 + 10*q - 2. What is the units digit of x(r)?
8
Let m(q) = q**3 + q**2 + q + 5880. Let x be m(0). Suppose 54*h - 59*h + x = 0. What is the tens digit of h?
7
Let g be 1/(4/(4 - 0)). Let h(c) = 9*c**2 + 1. Let b be h(g). What is the tens digit of (-75)/b*40/(-6)?
5
Suppose 4*x + 297 = 321. What is the hundreds digit of -56*(5 - x - 6)?
3
Let l(h) be the second derivative of 19*h**4/4 + h**3/6 - 3*h**2 - 23*h. Let a be l(5). Suppose 8*r + a = 16*r. What is the hundreds digit of r?
1
Let l = 13479 + -1484. What is the hundreds digit of l?
9
Let x = 123 + -255. Let v = x - -243. What is the units digit of v + 11 - (1 - 2)?
3
Let a(u) = -3*u**2 - 82*u - 15. Suppose z - 2*s + 5*s = -9, -s + 53 = -2*z. What is the units digit of a(z)?
5
Let r(n) be the second derivative of -13*n**3/3 + 7*n**2 + 12*n. Let z be r(-18). Let t = z + -278. What is the hundreds digit of t?
2
Suppose -3*b + 8 = -j, -4*j + 3*j + 7 = 2*b. Suppose -5*w + 3*x = -2066, 0 = b*w - 6*x + x - 1230. What is the units digit of w?
5
Let h(s) = -s**2 + 72*s - 390. What is the tens digit of h(33)?
9
Let i = -72 + 76. Suppose -8 = -i*d + 4, 0 = 2*l + 3*d - 2119. What is the thousands digit of l?
1
Let b = -73306 + 132485. What is the thousands digit of b?
9
Let w(y) be the second derivative of y**3/6 + 58*y**2 - 17*y. Suppose -4*k + 0 + 20 = 5*o, 0 = 5*o + 3*k - 15. What is the units digit of w(o)?
6
Suppose -n - 3*t + 1 = 0, 2*t = -2*n - t + 2. Let u = -82 - -123. Let l = u + n. What is the tens digit of l?
4
Let h = 25 - -5. Suppose -6*z = -48 + h. Let p(u) = 76*u - 3. What is the units digit of p(z)?
5
Suppose 4*r - 2*a + 31 = -5*a, 33 = -3*r + a. Let f be (-2)/r + 1/((-20)/(-156)). What is the units digit of (-1176)/(-39) - f/(-52)*-1?
0
Let g(n) = 35*n**2 + 62*n - 527. What is the units digit of g(24)?
1
Let t be (-2 + 1)*(488 - (-11 - -7)). What is the tens digit of 6 - (t + -6 - 3)?
0
What is the units digit of (-175154)/21*((-15)/6 + 1)?
1
Let l(h) = -h**3 + 2*h**2 + 9*h + 4. Let s be l(-6). Suppose 3*b + x = 146, 5*b + 0*x = x + s. Suppose b = -8*f + 168. What is the units digit of f?
5
Suppose 0*a = -3*a - 3*w, -a + 18 = -5*w. Suppose 7 + a = 5*u. Suppose -u*y - 4*i - 72 = -224, 5*i + 116 = 2*y. What is the units digit of y?
8
Let v = 147 + -65. Suppose 269 + v = 9*f. Let m = f - -57. What is the tens digit of m?
9
Let u(y) = 71*y**3 - y**2 + 6*y - 7. What is the tens digit of u(5)?
7
Let l = 3061 + 3307. What is the hundreds digit of l?
3
Let q(p) be the first derivative of 7*p**3/3 + 7*p**2/2 - 22*p + 6289. Suppose -5 = 5*o - 20. What is the units digit of q(o)?
2
Let m be (22/3)/(42/(-54) - -1). Let n(f) = f**2 - 23*f - 2. What is the tens digit of n(m)?
2
What is the tens digit of (4 + 9)*(-20190)/(-30)?
4
Let n(q) = 48*q**3 + q**2 - q. Let s be (-3)/(-9)*(3 - 0). Let w be n(s). Suppose -z - 2 = -w. What is the tens digit of z?
4
Let r(z) = -375*z + 2137. What is the units digit of r(0)?
7
Let v(u) = 384*u**2 - 51*u + 50. Let f be v(1). Let n = f + 460. What is the tens digit of n?
4
Suppose -4 + 5 = o, -2*i + o - 1 = 0. Suppose -2*v - 666 + 1710 = i. What is the tens digit of v?
2
Suppose a - 5*w = -3 + 9, -3*w = 3. Let z be (-4 - -4) + (1 - a). Suppose -2*k + 1032 = 4*g - z*g, -516 = -2*g + 4*k. What is the units digit of g?
8
What is the thousands digit of (-11 - -24) + 2862 + -3?
2
Suppose -4*g + b - 2454 = 0, -5*g - 48*b + 50*b = 3069. Let q = 711 + g. What is the units digit of q?
8
Suppose -x - 191 = -3*t, 2*t - 131 = 2*x + 3. Suppose 5*b = -0*b - 940 + 1040. What is the units digit of (2/2)/(t/b - 3)?
0
Let z = 50608 + -31374. What is the units digit of z?
4
Let q(o) = 2515*o**3 + 9*o**2 - 22*o + 7. What is the thousands digit of q(2)?
0
Let m(j) = 3*j**2 + 158*j + 1. Let b be m(-53). Let u(o) = -7*o + 1. Let k be u(5). Let h = k + b. What is the units digit of h?
0
Let j = 1377 + -756. Let z = j - 258. What is the hundreds digit of z?
3
Suppose -1673*l = -1660*l - 81263. What is the hundreds digit of l?
2
What is the units digit of ((-426)/(-30) + -5)*750?
0
Suppose -8*p = 19 + 45. Let f be p/(-32)*(-4)/(-2)*0. Suppose f = -q + 4 - 6, -w = -3*q - 49. What is the units digit of w?
3
Let h(p) = -p**3 + 48*p**2 - 33*p + 122. Let n be h(47). Suppose -2*o = 5*v - 51, -3*v - o + 31 = -0*o. Suppose 8*b = v*b - n. What is the tens digit of b?
6
Suppose 10495 = -u + 3*u - 3685. What is the tens digit of u?
9
Let q(n) = 3*n**2 - 13*n + 102. Suppose -4*o + 52 = 2*j, 2*j + 56 = -21*o + 26*o. What is the units digit of q(o)?
8
What is the units digit of 4*4/104 - 2139900/(-195)?
4
Let h(v) = 38*v - 67. Let b be h(20). Let s = b + -469. What is the hundreds digit of s?
2
Let q(f) = 28*f + 400. Suppose 12*v + 10*v = -0*v. What is the units digit of q(v)?
0
Suppose -21*q + 13*q + 12816 = 0. Suppose -q = 5*a - 8*a. What is the units digit of a?
4
Let l(p) = -5*p - 14. Let d be l(-2). Let u(g) = 2*g**2 + 3*g - 10. Let b be u(d). What is the hundreds digit of (-12 + -1 - -2)/(b/(-190))?
2
Suppose 5*y - 10 = 0, 0 = 4*w - 59*y + 64*y - 75382. What is the tens digit of w?
4
Let n be (774/(-15))/(8/(160/(-6))). Suppose -4*b + 1586 = i, -3*i = -4*b + 799 + 795. Let l = b - n. What is the hundreds digit of l?
2
Let u = 3653 + 2261. What is the thousands digit of u?
5
Let y(w) = -2*w**3 + 25*w**2 - 16*w + 28. Suppose -g = -7 - 5. Let n be y(g). Let m = 178 + n. What is the tens digit of m?
5
Let x be (-4)/((-32)/(-5752))*1. Let n = x + 1760. What is the units digit of n?
1
Let a = -24933 - -39262. What is the thousands digit of a?
4
Let d(u) = -9*u - 22. Let b be d(-4). Suppose b*s - 14 = 12*s. Suppose -773 = -s*t - 73. What is the hundreds digit of t?
1
Let z be 4/(